{"id":16737,"date":"2024-11-12T11:05:41","date_gmt":"2024-11-12T10:05:41","guid":{"rendered":"https:\/\/2024.adventupuli.hr\/dogadaj\/vesna-nezic-ruzic-anelidi-velika-padela-2\/"},"modified":"2024-11-20T17:14:53","modified_gmt":"2024-11-20T16:14:53","slug":"vesna-nezic-ruzic-anelidi-velika-padela-2","status":"publish","type":"etn","link":"https:\/\/2024.adventupuli.hr\/en\/dogadaj\/vesna-nezic-ruzic-anelidi-velika-padela-2\/","title":{"rendered":"Vesna Ne\u017ei\u0107 Ru\u017ei\u0107 &#038; Anelidi + Big Pan"},"content":{"rendered":"","protected":false},"excerpt":{"rendered":"","protected":false},"author":1,"featured_media":16738,"parent":0,"template":"","etn_category":[455],"etn_tags":[],"class_list":["post-16737","etn","type-etn","status-publish","has-post-thumbnail","hentry","event_location-pula-center-market","etn_category-music-programme"],"aioseo_notices":[],"acf":[],"_links":{"self":[{"href":"https:\/\/2024.adventupuli.hr\/en\/wp-json\/wp\/v2\/etn\/16737"}],"collection":[{"href":"https:\/\/2024.adventupuli.hr\/en\/wp-json\/wp\/v2\/etn"}],"about":[{"href":"https:\/\/2024.adventupuli.hr\/en\/wp-json\/wp\/v2\/types\/etn"}],"author":[{"embeddable":true,"href":"https:\/\/2024.adventupuli.hr\/en\/wp-json\/wp\/v2\/users\/1"}],"version-history":[{"count":1,"href":"https:\/\/2024.adventupuli.hr\/en\/wp-json\/wp\/v2\/etn\/16737\/revisions"}],"predecessor-version":[{"id":16739,"href":"https:\/\/2024.adventupuli.hr\/en\/wp-json\/wp\/v2\/etn\/16737\/revisions\/16739"}],"wp:featuredmedia":[{"embeddable":true,"href":"https:\/\/2024.adventupuli.hr\/en\/wp-json\/wp\/v2\/media\/16738"}],"wp:attachment":[{"href":"https:\/\/2024.adventupuli.hr\/en\/wp-json\/wp\/v2\/media?parent=16737"}],"wp:term":[{"taxonomy":"etn_category","embeddable":true,"href":"https:\/\/2024.adventupuli.hr\/en\/wp-json\/wp\/v2\/etn_category?post=16737"},{"taxonomy":"etn_tags","embeddable":true,"href":"https:\/\/2024.adventupuli.hr\/en\/wp-json\/wp\/v2\/etn_tags?post=16737"}],"curies":[{"name":"wp","href":"https:\/\/api.w.org\/{rel}","templated":true}]}}

Vesna Nežić Ružić &#038; Anelidi + Big Pan
