{"id":16929,"date":"2024-11-13T16:24:37","date_gmt":"2024-11-13T15:24:37","guid":{"rendered":"https:\/\/2024.adventupuli.hr\/dogadaj\/tepih-na-raznju-2\/"},"modified":"2024-11-20T17:43:42","modified_gmt":"2024-11-20T16:43:42","slug":"tepih-na-raznju-2","status":"publish","type":"etn","link":"https:\/\/2024.adventupuli.hr\/en\/dogadaj\/tepih-na-raznju-2\/","title":{"rendered":"The Carpet on the Rotisserie"},"content":{"rendered":"<p>Istarsko narodno kazali\u0161te Gradsko kazali\u0161te Pula<\/p>\n<p>Vi\u0161e informacija:<br \/>\nwww.ink.hr<\/p>\n","protected":false},"excerpt":{"rendered":"<p>Istarsko narodno kazali\u0161te Gradsko kazali\u0161te Pula Vi\u0161e informacija: www.ink.hr<\/p>\n","protected":false},"author":1,"featured_media":17259,"parent":0,"template":"","etn_category":[451],"etn_tags":[457],"class_list":["post-16929","etn","type-etn","status-publish","has-post-thumbnail","hentry","event_location-istrian-national-theatre","etn_category-performances","etn_tags-ink-en"],"aioseo_notices":[],"acf":[],"_links":{"self":[{"href":"https:\/\/2024.adventupuli.hr\/en\/wp-json\/wp\/v2\/etn\/16929"}],"collection":[{"href":"https:\/\/2024.adventupuli.hr\/en\/wp-json\/wp\/v2\/etn"}],"about":[{"href":"https:\/\/2024.adventupuli.hr\/en\/wp-json\/wp\/v2\/types\/etn"}],"author":[{"embeddable":true,"href":"https:\/\/2024.adventupuli.hr\/en\/wp-json\/wp\/v2\/users\/1"}],"version-history":[{"count":1,"href":"https:\/\/2024.adventupuli.hr\/en\/wp-json\/wp\/v2\/etn\/16929\/revisions"}],"predecessor-version":[{"id":16932,"href":"https:\/\/2024.adventupuli.hr\/en\/wp-json\/wp\/v2\/etn\/16929\/revisions\/16932"}],"wp:featuredmedia":[{"embeddable":true,"href":"https:\/\/2024.adventupuli.hr\/en\/wp-json\/wp\/v2\/media\/17259"}],"wp:attachment":[{"href":"https:\/\/2024.adventupuli.hr\/en\/wp-json\/wp\/v2\/media?parent=16929"}],"wp:term":[{"taxonomy":"etn_category","embeddable":true,"href":"https:\/\/2024.adventupuli.hr\/en\/wp-json\/wp\/v2\/etn_category?post=16929"},{"taxonomy":"etn_tags","embeddable":true,"href":"https:\/\/2024.adventupuli.hr\/en\/wp-json\/wp\/v2\/etn_tags?post=16929"}],"curies":[{"name":"wp","href":"https:\/\/api.w.org\/{rel}","templated":true}]}}

<p>Istarsko narodno kazalište Gradsko kazalište Pula</p>
<p>Više informacija:<br />
www.ink.hr</p>

<p>Istarsko narodno kazalište Gradsko kazalište Pula Više informacija: www.ink.hr</p>
