{"id":15583,"date":"2024-10-20T15:24:58","date_gmt":"2024-10-20T13:24:58","guid":{"rendered":"https:\/\/2024.adventupuli.hr\/dogadaj\/vesna-nezic-ruzic-anelidi-velika-padela\/"},"modified":"2024-11-12T12:50:26","modified_gmt":"2024-11-12T11:50:26","slug":"vesna-nezic-ruzic-anelidi-velika-padela","status":"publish","type":"etn","link":"https:\/\/2024.adventupuli.hr\/it\/dogadaj\/vesna-nezic-ruzic-anelidi-velika-padela\/","title":{"rendered":"Vesna Ne\u017ei\u0107 Ru\u017ei\u0107 &#038; Anelidi + grande padella"},"content":{"rendered":"","protected":false},"excerpt":{"rendered":"","protected":false},"author":1,"featured_media":15556,"parent":0,"template":"","etn_category":[236],"etn_tags":[],"class_list":["post-15583","etn","type-etn","status-publish","has-post-thumbnail","hentry","event_location-il-mercato","etn_category-programma-musicale"],"aioseo_notices":[],"acf":[],"_links":{"self":[{"href":"https:\/\/2024.adventupuli.hr\/it\/wp-json\/wp\/v2\/etn\/15583"}],"collection":[{"href":"https:\/\/2024.adventupuli.hr\/it\/wp-json\/wp\/v2\/etn"}],"about":[{"href":"https:\/\/2024.adventupuli.hr\/it\/wp-json\/wp\/v2\/types\/etn"}],"author":[{"embeddable":true,"href":"https:\/\/2024.adventupuli.hr\/it\/wp-json\/wp\/v2\/users\/1"}],"version-history":[{"count":2,"href":"https:\/\/2024.adventupuli.hr\/it\/wp-json\/wp\/v2\/etn\/15583\/revisions"}],"predecessor-version":[{"id":16181,"href":"https:\/\/2024.adventupuli.hr\/it\/wp-json\/wp\/v2\/etn\/15583\/revisions\/16181"}],"wp:featuredmedia":[{"embeddable":true,"href":"https:\/\/2024.adventupuli.hr\/it\/wp-json\/wp\/v2\/media\/15556"}],"wp:attachment":[{"href":"https:\/\/2024.adventupuli.hr\/it\/wp-json\/wp\/v2\/media?parent=15583"}],"wp:term":[{"taxonomy":"etn_category","embeddable":true,"href":"https:\/\/2024.adventupuli.hr\/it\/wp-json\/wp\/v2\/etn_category?post=15583"},{"taxonomy":"etn_tags","embeddable":true,"href":"https:\/\/2024.adventupuli.hr\/it\/wp-json\/wp\/v2\/etn_tags?post=15583"}],"curies":[{"name":"wp","href":"https:\/\/api.w.org\/{rel}","templated":true}]}}

Vesna Nežić Ružić &#038; Anelidi + grande padella
