{"id":16112,"date":"2024-11-12T09:42:40","date_gmt":"2024-11-12T08:42:40","guid":{"rendered":"https:\/\/2024.adventupuli.hr\/dogadaj\/adventski-vijenac-slovensko-kulturno-drustvo-pula\/"},"modified":"2024-12-06T16:27:59","modified_gmt":"2024-12-06T15:27:59","slug":"adventski-vijenac-slovensko-kulturno-drustvo-pula","status":"publish","type":"etn","link":"https:\/\/2024.adventupuli.hr\/it\/dogadaj\/adventski-vijenac-slovensko-kulturno-drustvo-pula\/","title":{"rendered":"La corona musicale &#8211; Esibizione del violinista Sre\u0107ko Savreti\u0107"},"content":{"rendered":"<p>Esibizione del violinista Sre\u0107ko Savreti\u0107<\/p>\n","protected":false},"excerpt":{"rendered":"<p>Esibizione del violinista Sre\u0107ko Savreti\u0107<\/p>\n","protected":false},"author":1,"featured_media":15944,"parent":0,"template":"","etn_category":[236],"etn_tags":[],"class_list":["post-16112","etn","type-etn","status-publish","has-post-thumbnail","hentry","event_location-fontana-ispred-mullera-2-it","etn_category-programma-musicale"],"aioseo_notices":[],"acf":[],"_links":{"self":[{"href":"https:\/\/2024.adventupuli.hr\/it\/wp-json\/wp\/v2\/etn\/16112"}],"collection":[{"href":"https:\/\/2024.adventupuli.hr\/it\/wp-json\/wp\/v2\/etn"}],"about":[{"href":"https:\/\/2024.adventupuli.hr\/it\/wp-json\/wp\/v2\/types\/etn"}],"author":[{"embeddable":true,"href":"https:\/\/2024.adventupuli.hr\/it\/wp-json\/wp\/v2\/users\/1"}],"version-history":[{"count":4,"href":"https:\/\/2024.adventupuli.hr\/it\/wp-json\/wp\/v2\/etn\/16112\/revisions"}],"predecessor-version":[{"id":18377,"href":"https:\/\/2024.adventupuli.hr\/it\/wp-json\/wp\/v2\/etn\/16112\/revisions\/18377"}],"wp:featuredmedia":[{"embeddable":true,"href":"https:\/\/2024.adventupuli.hr\/it\/wp-json\/wp\/v2\/media\/15944"}],"wp:attachment":[{"href":"https:\/\/2024.adventupuli.hr\/it\/wp-json\/wp\/v2\/media?parent=16112"}],"wp:term":[{"taxonomy":"etn_category","embeddable":true,"href":"https:\/\/2024.adventupuli.hr\/it\/wp-json\/wp\/v2\/etn_category?post=16112"},{"taxonomy":"etn_tags","embeddable":true,"href":"https:\/\/2024.adventupuli.hr\/it\/wp-json\/wp\/v2\/etn_tags?post=16112"}],"curies":[{"name":"wp","href":"https:\/\/api.w.org\/{rel}","templated":true}]}}

La corona musicale &#8211; Esibizione del violinista Srećko Savretić

<p>Esibizione del violinista Srećko Savretić</p>
