{"id":16141,"date":"2024-11-12T10:07:27","date_gmt":"2024-11-12T09:07:27","guid":{"rendered":"https:\/\/2024.adventupuli.hr\/dogadaj\/twin-horn-docek-djeda-mraza\/"},"modified":"2024-12-13T09:59:40","modified_gmt":"2024-12-13T08:59:40","slug":"twin-horn-docek-djeda-mraza","status":"publish","type":"etn","link":"https:\/\/2024.adventupuli.hr\/it\/dogadaj\/twin-horn-docek-djeda-mraza\/","title":{"rendered":"Twin Horn &#8211; L&#8217;Arrivo di Babbo Natale + \u010carobna frula"},"content":{"rendered":"<p>11:00 &#8211; Studio di Creativit\u00e0 Musicale \u010carobna frula &#8211; esibizione<br \/>\n11:20 &#8211; arrivo di Babbo Natale accompagnato dai motociclisti dell&#8217;associazione Twin Horn MC e amici<br \/>\n11:25 &#8211; Babbo Natale si rivolge ai bambini<br \/>\n11:30 &#8211; Babbo Natale distribuisce caramelle<br \/>\n11:30 &#8211; Studio della Creativit\u00e0 Musicale con il Flauto Magico &#8211; esibizione<br \/>\n12:00 &#8211; partenza di Babbo Natale accompagnato dai motociclisti del Twin Horn MC e amici<\/p>\n<p>Il programma \u00e8 animato da: Zemlja zabave<\/p>\n","protected":false},"excerpt":{"rendered":"<p>11:00 &#8211; Studio di Creativit\u00e0 Musicale \u010carobna frula &#8211; esibizione 11:20 &#8211; arrivo di Babbo Natale accompagnato dai motociclisti dell&#8217;associazione Twin Horn MC e amici 11:25 &#8211; Babbo Natale si rivolge ai bambini 11:30 &#8211; Babbo Natale distribuisce caramelle 11:30 &#8211; Studio della Creativit\u00e0 Musicale con il Flauto Magico &#8211; esibizione 12:00 &#8211; partenza di [&hellip;]<\/p>\n","protected":false},"author":1,"featured_media":16021,"parent":0,"template":"","etn_category":[235],"etn_tags":[],"class_list":["post-16141","etn","type-etn","status-publish","has-post-thumbnail","hentry","event_location-piazza-portaurea","etn_category-programma-per-bambini"],"aioseo_notices":[],"acf":[],"_links":{"self":[{"href":"https:\/\/2024.adventupuli.hr\/it\/wp-json\/wp\/v2\/etn\/16141"}],"collection":[{"href":"https:\/\/2024.adventupuli.hr\/it\/wp-json\/wp\/v2\/etn"}],"about":[{"href":"https:\/\/2024.adventupuli.hr\/it\/wp-json\/wp\/v2\/types\/etn"}],"author":[{"embeddable":true,"href":"https:\/\/2024.adventupuli.hr\/it\/wp-json\/wp\/v2\/users\/1"}],"version-history":[{"count":2,"href":"https:\/\/2024.adventupuli.hr\/it\/wp-json\/wp\/v2\/etn\/16141\/revisions"}],"predecessor-version":[{"id":19041,"href":"https:\/\/2024.adventupuli.hr\/it\/wp-json\/wp\/v2\/etn\/16141\/revisions\/19041"}],"wp:featuredmedia":[{"embeddable":true,"href":"https:\/\/2024.adventupuli.hr\/it\/wp-json\/wp\/v2\/media\/16021"}],"wp:attachment":[{"href":"https:\/\/2024.adventupuli.hr\/it\/wp-json\/wp\/v2\/media?parent=16141"}],"wp:term":[{"taxonomy":"etn_category","embeddable":true,"href":"https:\/\/2024.adventupuli.hr\/it\/wp-json\/wp\/v2\/etn_category?post=16141"},{"taxonomy":"etn_tags","embeddable":true,"href":"https:\/\/2024.adventupuli.hr\/it\/wp-json\/wp\/v2\/etn_tags?post=16141"}],"curies":[{"name":"wp","href":"https:\/\/api.w.org\/{rel}","templated":true}]}}

Twin Horn &#8211; L&#8217;Arrivo di Babbo Natale + Čarobna frula

<p>11:00 &#8211; Studio di Creatività Musicale Čarobna frula &#8211; esibizione<br />
11:20 &#8211; arrivo di Babbo Natale accompagnato dai motociclisti dell&#8217;associazione Twin Horn MC e amici<br />
11:25 &#8211; Babbo Natale si rivolge ai bambini<br />
11:30 &#8211; Babbo Natale distribuisce caramelle<br />
11:30 &#8211; Studio della Creatività Musicale con il Flauto Magico &#8211; esibizione<br />
12:00 &#8211; partenza di Babbo Natale accompagnato dai motociclisti del Twin Horn MC e amici</p>
<p>Il programma è animato da: Zemlja zabave</p>

<p>11:00 &#8211; Studio di Creatività Musicale Čarobna frula &#8211; esibizione 11:20 &#8211; arrivo di Babbo Natale accompagnato dai motociclisti dell&#8217;associazione Twin Horn MC e amici 11:25 &#8211; Babbo Natale si rivolge ai bambini 11:30 &#8211; Babbo Natale distribuisce caramelle 11:30 &#8211; Studio della Creatività Musicale con il Flauto Magico &#8211; esibizione 12:00 &#8211; partenza di [&hellip;]</p>
