{"id":16284,"date":"2024-11-13T09:47:19","date_gmt":"2024-11-13T08:47:19","guid":{"rendered":"https:\/\/2024.adventupuli.hr\/dogadaj\/bor-dobrih-zelja-emozioni-natalizie\/"},"modified":"2024-11-13T11:31:45","modified_gmt":"2024-11-13T10:31:45","slug":"bor-dobrih-zelja-emozioni-natalizie","status":"publish","type":"etn","link":"https:\/\/2024.adventupuli.hr\/it\/dogadaj\/bor-dobrih-zelja-emozioni-natalizie\/","title":{"rendered":"Albero di Natale delle belle storie: Emozioni Natalizie"},"content":{"rendered":"<p style=\"text-align: justify;\">Laboratorio creativo con apprendimento della lingua italiana<br \/>\nIl laboratorio, destinato ai bambini dai 7 ai 12 anni, sar\u00e0 condotto da Ester Richter-Konto\u0161i\u0107 (Piccoli Terremoti). Durante il workshop, i bambini avranno l&#8217;opportunit\u00e0 di imparare l&#8217;italiano in modo creativo e divertente.<br \/>\nIl laboratorio \u00e8 gratuito, ma, a causa del numero limitato di posti, \u00e8 necessaria la registrazione. Per iscriversi: djecja@gkc-pula.hr oppure 052 213 882<\/p>\n","protected":false},"excerpt":{"rendered":"<p>Laboratorio creativo con apprendimento della lingua italiana Il laboratorio, destinato ai bambini dai 7 ai 12 anni, sar\u00e0 condotto da Ester Richter-Konto\u0161i\u0107 (Piccoli Terremoti). Durante il workshop, i bambini avranno l&#8217;opportunit\u00e0 di imparare l&#8217;italiano in modo creativo e divertente. Il laboratorio \u00e8 gratuito, ma, a causa del numero limitato di posti, \u00e8 necessaria la registrazione. [&hellip;]<\/p>\n","protected":false},"author":1,"featured_media":16230,"parent":0,"template":"","etn_category":[416],"etn_tags":[],"class_list":["post-16284","etn","type-etn","status-publish","has-post-thumbnail","hentry","event_location-djecja-knjiznica-smareglina-2-it","etn_category-programi-knjiznice-it"],"aioseo_notices":[],"acf":[],"_links":{"self":[{"href":"https:\/\/2024.adventupuli.hr\/it\/wp-json\/wp\/v2\/etn\/16284"}],"collection":[{"href":"https:\/\/2024.adventupuli.hr\/it\/wp-json\/wp\/v2\/etn"}],"about":[{"href":"https:\/\/2024.adventupuli.hr\/it\/wp-json\/wp\/v2\/types\/etn"}],"author":[{"embeddable":true,"href":"https:\/\/2024.adventupuli.hr\/it\/wp-json\/wp\/v2\/users\/1"}],"version-history":[{"count":1,"href":"https:\/\/2024.adventupuli.hr\/it\/wp-json\/wp\/v2\/etn\/16284\/revisions"}],"predecessor-version":[{"id":16285,"href":"https:\/\/2024.adventupuli.hr\/it\/wp-json\/wp\/v2\/etn\/16284\/revisions\/16285"}],"wp:featuredmedia":[{"embeddable":true,"href":"https:\/\/2024.adventupuli.hr\/it\/wp-json\/wp\/v2\/media\/16230"}],"wp:attachment":[{"href":"https:\/\/2024.adventupuli.hr\/it\/wp-json\/wp\/v2\/media?parent=16284"}],"wp:term":[{"taxonomy":"etn_category","embeddable":true,"href":"https:\/\/2024.adventupuli.hr\/it\/wp-json\/wp\/v2\/etn_category?post=16284"},{"taxonomy":"etn_tags","embeddable":true,"href":"https:\/\/2024.adventupuli.hr\/it\/wp-json\/wp\/v2\/etn_tags?post=16284"}],"curies":[{"name":"wp","href":"https:\/\/api.w.org\/{rel}","templated":true}]}}

<p style="text-align: justify;">Laboratorio creativo con apprendimento della lingua italiana<br />
Il laboratorio, destinato ai bambini dai 7 ai 12 anni, sarà condotto da Ester Richter-Kontošić (Piccoli Terremoti). Durante il workshop, i bambini avranno l&#8217;opportunità di imparare l&#8217;italiano in modo creativo e divertente.<br />
Il laboratorio è gratuito, ma, a causa del numero limitato di posti, è necessaria la registrazione. Per iscriversi: djecja@gkc-pula.hr oppure 052 213 882</p>

<p>Laboratorio creativo con apprendimento della lingua italiana Il laboratorio, destinato ai bambini dai 7 ai 12 anni, sarà condotto da Ester Richter-Kontošić (Piccoli Terremoti). Durante il workshop, i bambini avranno l&#8217;opportunità di imparare l&#8217;italiano in modo creativo e divertente. Il laboratorio è gratuito, ma, a causa del numero limitato di posti, è necessaria la registrazione. [&hellip;]</p>
