{"id":16290,"date":"2024-11-13T09:49:34","date_gmt":"2024-11-13T08:49:34","guid":{"rendered":"https:\/\/2024.adventupuli.hr\/dogadaj\/cajanka-s-articima\/"},"modified":"2024-11-13T11:34:54","modified_gmt":"2024-11-13T10:34:54","slug":"cajanka-s-articima","status":"publish","type":"etn","link":"https:\/\/2024.adventupuli.hr\/it\/dogadaj\/cajanka-s-articima\/","title":{"rendered":"Un t\u00e8 con i Arti\u0107i"},"content":{"rendered":"<p style=\"text-align: justify;\">Laboratorio creativo per bambini nell&#8217;ambito del progetto &#8220;Leggiamo e creiamo insieme&#8221;<br \/>\nIl laboratorio, realizzato dalla Biblioteca in collaborazione con il Laboratorio creativo Artic &#8211; Studio More, sar\u00e0 condotto dalla professoressa Sanja Simeunovi\u0107 Bajec.<br \/>\nIl laboratorio \u00e8 gratuito, ma, a causa del numero limitato di partecipanti, \u00e8 necessaria la registrazione. Per iscriversi: djecja@gkc-pula.hr oppure 052 213 882.<\/p>\n","protected":false},"excerpt":{"rendered":"<p>Laboratorio creativo per bambini nell&#8217;ambito del progetto &#8220;Leggiamo e creiamo insieme&#8221; Il laboratorio, realizzato dalla Biblioteca in collaborazione con il Laboratorio creativo Artic &#8211; Studio More, sar\u00e0 condotto dalla professoressa Sanja Simeunovi\u0107 Bajec. Il laboratorio \u00e8 gratuito, ma, a causa del numero limitato di partecipanti, \u00e8 necessaria la registrazione. Per iscriversi: djecja@gkc-pula.hr oppure 052 213 [&hellip;]<\/p>\n","protected":false},"author":1,"featured_media":16230,"parent":0,"template":"","etn_category":[416],"etn_tags":[],"class_list":["post-16290","etn","type-etn","status-publish","has-post-thumbnail","hentry","event_location-djecja-knjiznica-smareglina-2-it","etn_category-programi-knjiznice-it"],"aioseo_notices":[],"acf":[],"_links":{"self":[{"href":"https:\/\/2024.adventupuli.hr\/it\/wp-json\/wp\/v2\/etn\/16290"}],"collection":[{"href":"https:\/\/2024.adventupuli.hr\/it\/wp-json\/wp\/v2\/etn"}],"about":[{"href":"https:\/\/2024.adventupuli.hr\/it\/wp-json\/wp\/v2\/types\/etn"}],"author":[{"embeddable":true,"href":"https:\/\/2024.adventupuli.hr\/it\/wp-json\/wp\/v2\/users\/1"}],"version-history":[{"count":1,"href":"https:\/\/2024.adventupuli.hr\/it\/wp-json\/wp\/v2\/etn\/16290\/revisions"}],"predecessor-version":[{"id":16291,"href":"https:\/\/2024.adventupuli.hr\/it\/wp-json\/wp\/v2\/etn\/16290\/revisions\/16291"}],"wp:featuredmedia":[{"embeddable":true,"href":"https:\/\/2024.adventupuli.hr\/it\/wp-json\/wp\/v2\/media\/16230"}],"wp:attachment":[{"href":"https:\/\/2024.adventupuli.hr\/it\/wp-json\/wp\/v2\/media?parent=16290"}],"wp:term":[{"taxonomy":"etn_category","embeddable":true,"href":"https:\/\/2024.adventupuli.hr\/it\/wp-json\/wp\/v2\/etn_category?post=16290"},{"taxonomy":"etn_tags","embeddable":true,"href":"https:\/\/2024.adventupuli.hr\/it\/wp-json\/wp\/v2\/etn_tags?post=16290"}],"curies":[{"name":"wp","href":"https:\/\/api.w.org\/{rel}","templated":true}]}}

Un tè con i Artići

<p style="text-align: justify;">Laboratorio creativo per bambini nell&#8217;ambito del progetto &#8220;Leggiamo e creiamo insieme&#8221;<br />
Il laboratorio, realizzato dalla Biblioteca in collaborazione con il Laboratorio creativo Artic &#8211; Studio More, sarà condotto dalla professoressa Sanja Simeunović Bajec.<br />
Il laboratorio è gratuito, ma, a causa del numero limitato di partecipanti, è necessaria la registrazione. Per iscriversi: djecja@gkc-pula.hr oppure 052 213 882.</p>

<p>Laboratorio creativo per bambini nell&#8217;ambito del progetto &#8220;Leggiamo e creiamo insieme&#8221; Il laboratorio, realizzato dalla Biblioteca in collaborazione con il Laboratorio creativo Artic &#8211; Studio More, sarà condotto dalla professoressa Sanja Simeunović Bajec. Il laboratorio è gratuito, ma, a causa del numero limitato di partecipanti, è necessaria la registrazione. Per iscriversi: djecja@gkc-pula.hr oppure 052 213 [&hellip;]</p>
