{"id":16309,"date":"2024-11-13T09:51:06","date_gmt":"2024-11-13T08:51:06","guid":{"rendered":"https:\/\/2024.adventupuli.hr\/dogadaj\/blagdanska-cajanka-s-knjigom-ne-dobijes-za-bozic-bas-sve-sto-zelis-ali-ipak-se-veselis\/"},"modified":"2024-11-13T11:44:13","modified_gmt":"2024-11-13T10:44:13","slug":"blagdanska-cajanka-s-knjigom-ne-dobijes-za-bozic-bas-sve-sto-zelis-ali-ipak-se-veselis","status":"publish","type":"etn","link":"https:\/\/2024.adventupuli.hr\/it\/dogadaj\/blagdanska-cajanka-s-knjigom-ne-dobijes-za-bozic-bas-sve-sto-zelis-ali-ipak-se-veselis\/","title":{"rendered":"Un t\u00e8 festivo con un libro: a Natale non si ottiene tutto ci\u00f2 che si desidera, ma si \u00e8 felici lo stesso!"},"content":{"rendered":"<p>Favole natalizie creative per bambini dai 5 ai 10 anni<\/p>\n<p>Il laboratorio \u00e8 gratuito, ma, a causa del numero limitato di partecipanti, \u00e8 necessaria la registrazione. Per iscriversi: djecja@gkc-pula.hr oppure 052 213 882.<\/p>\n","protected":false},"excerpt":{"rendered":"<p>Favole natalizie creative per bambini dai 5 ai 10 anni Il laboratorio \u00e8 gratuito, ma, a causa del numero limitato di partecipanti, \u00e8 necessaria la registrazione. Per iscriversi: djecja@gkc-pula.hr oppure 052 213 882.<\/p>\n","protected":false},"author":1,"featured_media":16230,"parent":0,"template":"","etn_category":[416],"etn_tags":[],"class_list":["post-16309","etn","type-etn","status-publish","has-post-thumbnail","hentry","event_location-djecja-knjiznica-smareglina-2-it","etn_category-programi-knjiznice-it"],"aioseo_notices":[],"acf":[],"_links":{"self":[{"href":"https:\/\/2024.adventupuli.hr\/it\/wp-json\/wp\/v2\/etn\/16309"}],"collection":[{"href":"https:\/\/2024.adventupuli.hr\/it\/wp-json\/wp\/v2\/etn"}],"about":[{"href":"https:\/\/2024.adventupuli.hr\/it\/wp-json\/wp\/v2\/types\/etn"}],"author":[{"embeddable":true,"href":"https:\/\/2024.adventupuli.hr\/it\/wp-json\/wp\/v2\/users\/1"}],"version-history":[{"count":1,"href":"https:\/\/2024.adventupuli.hr\/it\/wp-json\/wp\/v2\/etn\/16309\/revisions"}],"predecessor-version":[{"id":16310,"href":"https:\/\/2024.adventupuli.hr\/it\/wp-json\/wp\/v2\/etn\/16309\/revisions\/16310"}],"wp:featuredmedia":[{"embeddable":true,"href":"https:\/\/2024.adventupuli.hr\/it\/wp-json\/wp\/v2\/media\/16230"}],"wp:attachment":[{"href":"https:\/\/2024.adventupuli.hr\/it\/wp-json\/wp\/v2\/media?parent=16309"}],"wp:term":[{"taxonomy":"etn_category","embeddable":true,"href":"https:\/\/2024.adventupuli.hr\/it\/wp-json\/wp\/v2\/etn_category?post=16309"},{"taxonomy":"etn_tags","embeddable":true,"href":"https:\/\/2024.adventupuli.hr\/it\/wp-json\/wp\/v2\/etn_tags?post=16309"}],"curies":[{"name":"wp","href":"https:\/\/api.w.org\/{rel}","templated":true}]}}

Un tè festivo con un libro: a Natale non si ottiene tutto ciò che si desidera, ma si è felici lo stesso!

<p>Favole natalizie creative per bambini dai 5 ai 10 anni</p>
<p>Il laboratorio è gratuito, ma, a causa del numero limitato di partecipanti, è necessaria la registrazione. Per iscriversi: djecja@gkc-pula.hr oppure 052 213 882.</p>

<p>Favole natalizie creative per bambini dai 5 ai 10 anni Il laboratorio è gratuito, ma, a causa del numero limitato di partecipanti, è necessaria la registrazione. Per iscriversi: djecja@gkc-pula.hr oppure 052 213 882.</p>
