{"id":16317,"date":"2024-11-13T09:53:51","date_gmt":"2024-11-13T08:53:51","guid":{"rendered":"https:\/\/2024.adventupuli.hr\/dogadaj\/izlozba-zajedno-2024\/"},"modified":"2024-11-13T11:48:19","modified_gmt":"2024-11-13T10:48:19","slug":"izlozba-zajedno-2024","status":"publish","type":"etn","link":"https:\/\/2024.adventupuli.hr\/it\/dogadaj\/izlozba-zajedno-2024\/","title":{"rendered":"Mostra \u201cInsieme  2024\u201d"},"content":{"rendered":"<p style=\"text-align: justify;\">Associazione Art Studio<br \/>\nInaugurazione della mostra finale del progetto realizzato congiuntamente dalla Scuola Educativa di Pola, dalla Scuola Elementare Stoja e dall&#8217;Associazione Art Studio, con il sostegno della Citt\u00e0 di Pola &#8211; Dipartimento Amministrativo per le Attivit\u00e0 Sociali e la Giovent\u00f9.<br \/>\nIl progetto, intitolato &#8220;Insieme&#8221;, promuove attivit\u00e0 extrascolastiche e gratuite che favoriscono l&#8217;incontro e la collaborazione tra i bambini delle scuole regolari e i loro coetanei con disabilit\u00e0 dello sviluppo. L&#8217;obiettivo del progetto \u00e8 sensibilizzare i bambini della Scuola Elementare Stoja verso i coetanei con disabilit\u00e0, attraverso laboratori di ceramica, creativit\u00e0 e arte. Al contempo, i bambini della Scuola Educativa, partecipando a gruppi misti, si sentono capaci, accettati e integrati.<\/p>\n","protected":false},"excerpt":{"rendered":"<p>Associazione Art Studio Inaugurazione della mostra finale del progetto realizzato congiuntamente dalla Scuola Educativa di Pola, dalla Scuola Elementare Stoja e dall&#8217;Associazione Art Studio, con il sostegno della Citt\u00e0 di Pola &#8211; Dipartimento Amministrativo per le Attivit\u00e0 Sociali e la Giovent\u00f9. Il progetto, intitolato &#8220;Insieme&#8221;, promuove attivit\u00e0 extrascolastiche e gratuite che favoriscono l&#8217;incontro e la [&hellip;]<\/p>\n","protected":false},"author":1,"featured_media":16230,"parent":0,"template":"","etn_category":[416],"etn_tags":[],"class_list":["post-16317","etn","type-etn","status-publish","has-post-thumbnail","hentry","event_location-djecja-knjiznica-smareglina-2-it","etn_category-programi-knjiznice-it"],"aioseo_notices":[],"acf":[],"_links":{"self":[{"href":"https:\/\/2024.adventupuli.hr\/it\/wp-json\/wp\/v2\/etn\/16317"}],"collection":[{"href":"https:\/\/2024.adventupuli.hr\/it\/wp-json\/wp\/v2\/etn"}],"about":[{"href":"https:\/\/2024.adventupuli.hr\/it\/wp-json\/wp\/v2\/types\/etn"}],"author":[{"embeddable":true,"href":"https:\/\/2024.adventupuli.hr\/it\/wp-json\/wp\/v2\/users\/1"}],"version-history":[{"count":1,"href":"https:\/\/2024.adventupuli.hr\/it\/wp-json\/wp\/v2\/etn\/16317\/revisions"}],"predecessor-version":[{"id":16318,"href":"https:\/\/2024.adventupuli.hr\/it\/wp-json\/wp\/v2\/etn\/16317\/revisions\/16318"}],"wp:featuredmedia":[{"embeddable":true,"href":"https:\/\/2024.adventupuli.hr\/it\/wp-json\/wp\/v2\/media\/16230"}],"wp:attachment":[{"href":"https:\/\/2024.adventupuli.hr\/it\/wp-json\/wp\/v2\/media?parent=16317"}],"wp:term":[{"taxonomy":"etn_category","embeddable":true,"href":"https:\/\/2024.adventupuli.hr\/it\/wp-json\/wp\/v2\/etn_category?post=16317"},{"taxonomy":"etn_tags","embeddable":true,"href":"https:\/\/2024.adventupuli.hr\/it\/wp-json\/wp\/v2\/etn_tags?post=16317"}],"curies":[{"name":"wp","href":"https:\/\/api.w.org\/{rel}","templated":true}]}}

<p style="text-align: justify;">Associazione Art Studio<br />
Inaugurazione della mostra finale del progetto realizzato congiuntamente dalla Scuola Educativa di Pola, dalla Scuola Elementare Stoja e dall&#8217;Associazione Art Studio, con il sostegno della Città di Pola &#8211; Dipartimento Amministrativo per le Attività Sociali e la Gioventù.<br />
Il progetto, intitolato &#8220;Insieme&#8221;, promuove attività extrascolastiche e gratuite che favoriscono l&#8217;incontro e la collaborazione tra i bambini delle scuole regolari e i loro coetanei con disabilità dello sviluppo. L&#8217;obiettivo del progetto è sensibilizzare i bambini della Scuola Elementare Stoja verso i coetanei con disabilità, attraverso laboratori di ceramica, creatività e arte. Al contempo, i bambini della Scuola Educativa, partecipando a gruppi misti, si sentono capaci, accettati e integrati.</p>

<p>Associazione Art Studio Inaugurazione della mostra finale del progetto realizzato congiuntamente dalla Scuola Educativa di Pola, dalla Scuola Elementare Stoja e dall&#8217;Associazione Art Studio, con il sostegno della Città di Pola &#8211; Dipartimento Amministrativo per le Attività Sociali e la Gioventù. Il progetto, intitolato &#8220;Insieme&#8221;, promuove attività extrascolastiche e gratuite che favoriscono l&#8217;incontro e la [&hellip;]</p>
