{"id":16328,"date":"2024-11-13T09:14:23","date_gmt":"2024-11-13T08:14:23","guid":{"rendered":"https:\/\/2024.adventupuli.hr\/dogadaj\/price-u-prosincu-eko-radionica-zrak-voda-i-cista-priroda-kako-mudric-cuva-prirodu\/"},"modified":"2024-11-13T11:54:29","modified_gmt":"2024-11-13T10:54:29","slug":"price-u-prosincu-eko-radionica-zrak-voda-i-cista-priroda-kako-mudric-cuva-prirodu","status":"publish","type":"etn","link":"https:\/\/2024.adventupuli.hr\/it\/dogadaj\/price-u-prosincu-eko-radionica-zrak-voda-i-cista-priroda-kako-mudric-cuva-prirodu\/","title":{"rendered":"Racconti di dicembre &#8211; Laboratorio ecologico &#8211; Aria, acqua&#8230; e natura pura: come Mudri\u0107 preserva la natura"},"content":{"rendered":"<p style=\"text-align: justify;\">Racconti natalizi e laboratori per bambini fino a 6 anni e i loro genitori&#8221;<br \/>\nLeggiamo storie a tema natalizio, di Capodanno e invernale, e riflettiamo insieme su ci\u00f2 che abbiamo letto, con attivit\u00e0 creative ed educative. L&#8217;obiettivo di questi laboratori \u00e8 incoraggiare i bambini alla lettura e all\u2019ascolto di storie, a riflettere sui messaggi trasmessi e a stimolare l\u2019espressione creativa.<br \/>\nI laboratori sono gratuiti, ma la registrazione \u00e8 obbligatoria a causa del numero limitato di posti.<br \/>\nPer iscriversi: djecji.odjel@gkc-pula.hr oppure 052 300 405.<\/p>\n","protected":false},"excerpt":{"rendered":"<p>Racconti natalizi e laboratori per bambini fino a 6 anni e i loro genitori&#8221; Leggiamo storie a tema natalizio, di Capodanno e invernale, e riflettiamo insieme su ci\u00f2 che abbiamo letto, con attivit\u00e0 creative ed educative. L&#8217;obiettivo di questi laboratori \u00e8 incoraggiare i bambini alla lettura e all\u2019ascolto di storie, a riflettere sui messaggi trasmessi [&hellip;]<\/p>\n","protected":false},"author":1,"featured_media":16191,"parent":0,"template":"","etn_category":[416],"etn_tags":[],"class_list":["post-16328","etn","type-etn","status-publish","has-post-thumbnail","hentry","event_location-sredisnja-knjiznica-kandlerova-39-it","etn_category-programi-knjiznice-it"],"aioseo_notices":[],"acf":[],"_links":{"self":[{"href":"https:\/\/2024.adventupuli.hr\/it\/wp-json\/wp\/v2\/etn\/16328"}],"collection":[{"href":"https:\/\/2024.adventupuli.hr\/it\/wp-json\/wp\/v2\/etn"}],"about":[{"href":"https:\/\/2024.adventupuli.hr\/it\/wp-json\/wp\/v2\/types\/etn"}],"author":[{"embeddable":true,"href":"https:\/\/2024.adventupuli.hr\/it\/wp-json\/wp\/v2\/users\/1"}],"version-history":[{"count":1,"href":"https:\/\/2024.adventupuli.hr\/it\/wp-json\/wp\/v2\/etn\/16328\/revisions"}],"predecessor-version":[{"id":16329,"href":"https:\/\/2024.adventupuli.hr\/it\/wp-json\/wp\/v2\/etn\/16328\/revisions\/16329"}],"wp:featuredmedia":[{"embeddable":true,"href":"https:\/\/2024.adventupuli.hr\/it\/wp-json\/wp\/v2\/media\/16191"}],"wp:attachment":[{"href":"https:\/\/2024.adventupuli.hr\/it\/wp-json\/wp\/v2\/media?parent=16328"}],"wp:term":[{"taxonomy":"etn_category","embeddable":true,"href":"https:\/\/2024.adventupuli.hr\/it\/wp-json\/wp\/v2\/etn_category?post=16328"},{"taxonomy":"etn_tags","embeddable":true,"href":"https:\/\/2024.adventupuli.hr\/it\/wp-json\/wp\/v2\/etn_tags?post=16328"}],"curies":[{"name":"wp","href":"https:\/\/api.w.org\/{rel}","templated":true}]}}

Racconti di dicembre &#8211; Laboratorio ecologico &#8211; Aria, acqua&#8230; e natura pura: come Mudrić preserva la natura

<p style="text-align: justify;">Racconti natalizi e laboratori per bambini fino a 6 anni e i loro genitori&#8221;<br />
Leggiamo storie a tema natalizio, di Capodanno e invernale, e riflettiamo insieme su ciò che abbiamo letto, con attività creative ed educative. L&#8217;obiettivo di questi laboratori è incoraggiare i bambini alla lettura e all’ascolto di storie, a riflettere sui messaggi trasmessi e a stimolare l’espressione creativa.<br />
I laboratori sono gratuiti, ma la registrazione è obbligatoria a causa del numero limitato di posti.<br />
Per iscriversi: djecji.odjel@gkc-pula.hr oppure 052 300 405.</p>

<p>Racconti natalizi e laboratori per bambini fino a 6 anni e i loro genitori&#8221; Leggiamo storie a tema natalizio, di Capodanno e invernale, e riflettiamo insieme su ciò che abbiamo letto, con attività creative ed educative. L&#8217;obiettivo di questi laboratori è incoraggiare i bambini alla lettura e all’ascolto di storie, a riflettere sui messaggi trasmessi [&hellip;]</p>
