{"id":16398,"date":"2024-11-13T16:42:08","date_gmt":"2024-11-13T15:42:08","guid":{"rendered":"https:\/\/2024.adventupuli.hr\/dogadaj\/docek-ronilackog-djeda-mraza\/"},"modified":"2024-11-13T16:43:42","modified_gmt":"2024-11-13T15:43:42","slug":"docek-ronilackog-djeda-mraza","status":"publish","type":"etn","link":"https:\/\/2024.adventupuli.hr\/it\/dogadaj\/docek-ronilackog-djeda-mraza\/","title":{"rendered":"Immersione Natalizia dell\u2019albero di Natale e benvenuto del Babbo Natale Subacqueo"},"content":{"rendered":"<p style=\"text-align: justify;\">Il programma di Babbo Natale Subacqueo si terr\u00e0 presso la spiaggia Valkane. Il raduno \u00e8 previsto tra le 10 e le 11. L&#8217;atteso emergere di Babbo Natale \u00e8 previsto intorno alle 11:30, seguito dalla distribuzione di dolci ai bambini. Successivamente, tutti insieme decoreranno l&#8217;albero, che sar\u00e0 poi immerso in mare insieme ai subacquei<\/p>\n","protected":false},"excerpt":{"rendered":"<p>Il programma di Babbo Natale Subacqueo si terr\u00e0 presso la spiaggia Valkane. Il raduno \u00e8 previsto tra le 10 e le 11. L&#8217;atteso emergere di Babbo Natale \u00e8 previsto intorno alle 11:30, seguito dalla distribuzione di dolci ai bambini. Successivamente, tutti insieme decoreranno l&#8217;albero, che sar\u00e0 poi immerso in mare insieme ai subacquei<\/p>\n","protected":false},"author":1,"featured_media":15975,"parent":0,"template":"","etn_category":[235],"etn_tags":[],"class_list":["post-16398","etn","type-etn","status-publish","has-post-thumbnail","hentry","event_location-valkane-molo-t","etn_category-programma-per-bambini"],"aioseo_notices":[],"acf":[],"_links":{"self":[{"href":"https:\/\/2024.adventupuli.hr\/it\/wp-json\/wp\/v2\/etn\/16398"}],"collection":[{"href":"https:\/\/2024.adventupuli.hr\/it\/wp-json\/wp\/v2\/etn"}],"about":[{"href":"https:\/\/2024.adventupuli.hr\/it\/wp-json\/wp\/v2\/types\/etn"}],"author":[{"embeddable":true,"href":"https:\/\/2024.adventupuli.hr\/it\/wp-json\/wp\/v2\/users\/1"}],"version-history":[{"count":2,"href":"https:\/\/2024.adventupuli.hr\/it\/wp-json\/wp\/v2\/etn\/16398\/revisions"}],"predecessor-version":[{"id":16400,"href":"https:\/\/2024.adventupuli.hr\/it\/wp-json\/wp\/v2\/etn\/16398\/revisions\/16400"}],"wp:featuredmedia":[{"embeddable":true,"href":"https:\/\/2024.adventupuli.hr\/it\/wp-json\/wp\/v2\/media\/15975"}],"wp:attachment":[{"href":"https:\/\/2024.adventupuli.hr\/it\/wp-json\/wp\/v2\/media?parent=16398"}],"wp:term":[{"taxonomy":"etn_category","embeddable":true,"href":"https:\/\/2024.adventupuli.hr\/it\/wp-json\/wp\/v2\/etn_category?post=16398"},{"taxonomy":"etn_tags","embeddable":true,"href":"https:\/\/2024.adventupuli.hr\/it\/wp-json\/wp\/v2\/etn_tags?post=16398"}],"curies":[{"name":"wp","href":"https:\/\/api.w.org\/{rel}","templated":true}]}}

<p style="text-align: justify;">Il programma di Babbo Natale Subacqueo si terrà presso la spiaggia Valkane. Il raduno è previsto tra le 10 e le 11. L&#8217;atteso emergere di Babbo Natale è previsto intorno alle 11:30, seguito dalla distribuzione di dolci ai bambini. Successivamente, tutti insieme decoreranno l&#8217;albero, che sarà poi immerso in mare insieme ai subacquei</p>

<p>Il programma di Babbo Natale Subacqueo si terrà presso la spiaggia Valkane. Il raduno è previsto tra le 10 e le 11. L&#8217;atteso emergere di Babbo Natale è previsto intorno alle 11:30, seguito dalla distribuzione di dolci ai bambini. Successivamente, tutti insieme decoreranno l&#8217;albero, che sarà poi immerso in mare insieme ai subacquei</p>
