{"id":16555,"date":"2024-11-19T14:55:04","date_gmt":"2024-11-19T13:55:04","guid":{"rendered":"https:\/\/2024.adventupuli.hr\/dogadaj\/autorica-u-gostima-sonja-smolec\/"},"modified":"2024-11-19T14:56:09","modified_gmt":"2024-11-19T13:56:09","slug":"autorica-u-gostima-sonja-smolec","status":"publish","type":"etn","link":"https:\/\/2024.adventupuli.hr\/it\/dogadaj\/autorica-u-gostima-sonja-smolec\/","title":{"rendered":"Autrice ospite: Sonja Smolec"},"content":{"rendered":"<p>L&#8217;incontro letterario con l&#8217;autrice Sonja Smolec \u00e8 rivolto agli alunni delle classi inferiori della scuola elementare.<\/p>\n<p>&nbsp;<\/p>\n<p>Sonja Smolec (nata a Pola nel 1953) \u00e8 una scrittrice e poetessa croata, autrice di numerosi libri per bambini e ragazzi, e curatrice di raccolte di poesie di autori locali e internazionali. Molti dei suoi racconti e poesie sono stati pubblicati su riviste e in antologie poetiche, sia a livello nazionale che internazionale. \u00c8 membro della Societ\u00e0 Croata degli Scrittori per Bambini e Giovani e della Societ\u00e0 degli Scrittori Croati, e ha ricevuto numerosi premi letterari. Le sue opere sono state tradotte in diverse lingue, tra cui inglese, spagnolo, tedesco, macedone e olandese.<\/p>\n<p>&nbsp;<\/p>\n","protected":false},"excerpt":{"rendered":"<p>L&#8217;incontro letterario con l&#8217;autrice Sonja Smolec \u00e8 rivolto agli alunni delle classi inferiori della scuola elementare. &nbsp; Sonja Smolec (nata a Pola nel 1953) \u00e8 una scrittrice e poetessa croata, autrice di numerosi libri per bambini e ragazzi, e curatrice di raccolte di poesie di autori locali e internazionali. Molti dei suoi racconti e poesie [&hellip;]<\/p>\n","protected":false},"author":1,"featured_media":17238,"parent":0,"template":"","etn_category":[416],"etn_tags":[],"class_list":["post-16555","etn","type-etn","status-publish","has-post-thumbnail","hentry","event_location-sredisnja-knjiznica-kandlerova-39-it","etn_category-programi-knjiznice-it"],"aioseo_notices":[],"acf":[],"_links":{"self":[{"href":"https:\/\/2024.adventupuli.hr\/it\/wp-json\/wp\/v2\/etn\/16555"}],"collection":[{"href":"https:\/\/2024.adventupuli.hr\/it\/wp-json\/wp\/v2\/etn"}],"about":[{"href":"https:\/\/2024.adventupuli.hr\/it\/wp-json\/wp\/v2\/types\/etn"}],"author":[{"embeddable":true,"href":"https:\/\/2024.adventupuli.hr\/it\/wp-json\/wp\/v2\/users\/1"}],"version-history":[{"count":1,"href":"https:\/\/2024.adventupuli.hr\/it\/wp-json\/wp\/v2\/etn\/16555\/revisions"}],"predecessor-version":[{"id":16556,"href":"https:\/\/2024.adventupuli.hr\/it\/wp-json\/wp\/v2\/etn\/16555\/revisions\/16556"}],"wp:featuredmedia":[{"embeddable":true,"href":"https:\/\/2024.adventupuli.hr\/it\/wp-json\/wp\/v2\/media\/17238"}],"wp:attachment":[{"href":"https:\/\/2024.adventupuli.hr\/it\/wp-json\/wp\/v2\/media?parent=16555"}],"wp:term":[{"taxonomy":"etn_category","embeddable":true,"href":"https:\/\/2024.adventupuli.hr\/it\/wp-json\/wp\/v2\/etn_category?post=16555"},{"taxonomy":"etn_tags","embeddable":true,"href":"https:\/\/2024.adventupuli.hr\/it\/wp-json\/wp\/v2\/etn_tags?post=16555"}],"curies":[{"name":"wp","href":"https:\/\/api.w.org\/{rel}","templated":true}]}}

<p>L&#8217;incontro letterario con l&#8217;autrice Sonja Smolec è rivolto agli alunni delle classi inferiori della scuola elementare.</p>
<p>&nbsp;</p>
<p>Sonja Smolec (nata a Pola nel 1953) è una scrittrice e poetessa croata, autrice di numerosi libri per bambini e ragazzi, e curatrice di raccolte di poesie di autori locali e internazionali. Molti dei suoi racconti e poesie sono stati pubblicati su riviste e in antologie poetiche, sia a livello nazionale che internazionale. È membro della Società Croata degli Scrittori per Bambini e Giovani e della Società degli Scrittori Croati, e ha ricevuto numerosi premi letterari. Le sue opere sono state tradotte in diverse lingue, tra cui inglese, spagnolo, tedesco, macedone e olandese.</p>
<p>&nbsp;</p>

<p>L&#8217;incontro letterario con l&#8217;autrice Sonja Smolec è rivolto agli alunni delle classi inferiori della scuola elementare. &nbsp; Sonja Smolec (nata a Pola nel 1953) è una scrittrice e poetessa croata, autrice di numerosi libri per bambini e ragazzi, e curatrice di raccolte di poesie di autori locali e internazionali. Molti dei suoi racconti e poesie [&hellip;]</p>
