{"id":17030,"date":"2024-11-20T19:32:48","date_gmt":"2024-11-20T18:32:48","guid":{"rendered":"https:\/\/2024.adventupuli.hr\/dogadaj\/centar-za-inkluziju-i-podrsku-u-zajednici-bozicna-priredba-predstava\/"},"modified":"2024-11-20T19:34:53","modified_gmt":"2024-11-20T18:34:53","slug":"centar-za-inkluziju-i-podrsku-u-zajednici-bozicna-priredba-predstava","status":"publish","type":"etn","link":"https:\/\/2024.adventupuli.hr\/it\/dogadaj\/centar-za-inkluziju-i-podrsku-u-zajednici-bozicna-priredba-predstava\/","title":{"rendered":"Centro per l&#8217;inclusione e il sostegno nella comunit\u00e0; Spettacolo di Natale, spettacolo"},"content":{"rendered":"<p>Il Centro per l&#8217;inclusione e il sostegno nella comunit\u00e0 \u00e8 un&#8217;organizzazione della societ\u00e0 civile le cui attivit\u00e0 sono rivolte ai bambini con problemi di sviluppo e alle persone con disabilit\u00e0 intellettiva. Uno degli obiettivi dell&#8217;associazione \u00e8 quello di migliorare la qualit\u00e0 della vita dei propri utenti, e di integrarli nella vita sociale della comunit\u00e0 e nel mondo del lavoro.<\/p>\n","protected":false},"excerpt":{"rendered":"<p>Il Centro per l&#8217;inclusione e il sostegno nella comunit\u00e0 \u00e8 un&#8217;organizzazione della societ\u00e0 civile le cui attivit\u00e0 sono rivolte ai bambini con problemi di sviluppo e alle persone con disabilit\u00e0 intellettiva. Uno degli obiettivi dell&#8217;associazione \u00e8 quello di migliorare la qualit\u00e0 della vita dei propri utenti, e di integrarli nella vita sociale della comunit\u00e0 e [&hellip;]<\/p>\n","protected":false},"author":1,"featured_media":17001,"parent":0,"template":"","etn_category":[235,419],"etn_tags":[],"class_list":["post-17030","etn","type-etn","status-publish","has-post-thumbnail","hentry","event_location-parco-citta-di-graz","etn_category-programma-per-bambini","etn_category-predstave-it"],"aioseo_notices":[],"acf":[],"_links":{"self":[{"href":"https:\/\/2024.adventupuli.hr\/it\/wp-json\/wp\/v2\/etn\/17030"}],"collection":[{"href":"https:\/\/2024.adventupuli.hr\/it\/wp-json\/wp\/v2\/etn"}],"about":[{"href":"https:\/\/2024.adventupuli.hr\/it\/wp-json\/wp\/v2\/types\/etn"}],"author":[{"embeddable":true,"href":"https:\/\/2024.adventupuli.hr\/it\/wp-json\/wp\/v2\/users\/1"}],"version-history":[{"count":2,"href":"https:\/\/2024.adventupuli.hr\/it\/wp-json\/wp\/v2\/etn\/17030\/revisions"}],"predecessor-version":[{"id":17032,"href":"https:\/\/2024.adventupuli.hr\/it\/wp-json\/wp\/v2\/etn\/17030\/revisions\/17032"}],"wp:featuredmedia":[{"embeddable":true,"href":"https:\/\/2024.adventupuli.hr\/it\/wp-json\/wp\/v2\/media\/17001"}],"wp:attachment":[{"href":"https:\/\/2024.adventupuli.hr\/it\/wp-json\/wp\/v2\/media?parent=17030"}],"wp:term":[{"taxonomy":"etn_category","embeddable":true,"href":"https:\/\/2024.adventupuli.hr\/it\/wp-json\/wp\/v2\/etn_category?post=17030"},{"taxonomy":"etn_tags","embeddable":true,"href":"https:\/\/2024.adventupuli.hr\/it\/wp-json\/wp\/v2\/etn_tags?post=17030"}],"curies":[{"name":"wp","href":"https:\/\/api.w.org\/{rel}","templated":true}]}}

Centro per l&#8217;inclusione e il sostegno nella comunità; Spettacolo di Natale, spettacolo

<p>Il Centro per l&#8217;inclusione e il sostegno nella comunità è un&#8217;organizzazione della società civile le cui attività sono rivolte ai bambini con problemi di sviluppo e alle persone con disabilità intellettiva. Uno degli obiettivi dell&#8217;associazione è quello di migliorare la qualità della vita dei propri utenti, e di integrarli nella vita sociale della comunità e nel mondo del lavoro.</p>

<p>Il Centro per l&#8217;inclusione e il sostegno nella comunità è un&#8217;organizzazione della società civile le cui attività sono rivolte ai bambini con problemi di sviluppo e alle persone con disabilità intellettiva. Uno degli obiettivi dell&#8217;associazione è quello di migliorare la qualità della vita dei propri utenti, e di integrarli nella vita sociale della comunità e [&hellip;]</p>
