{"id":17058,"date":"2024-11-20T19:43:52","date_gmt":"2024-11-20T18:43:52","guid":{"rendered":"https:\/\/2024.adventupuli.hr\/dogadaj\/docek-sv-nikole-od-libri-i-mora\/"},"modified":"2024-11-20T19:45:34","modified_gmt":"2024-11-20T18:45:34","slug":"docek-sv-nikole-od-libri-i-mora","status":"publish","type":"etn","link":"https:\/\/2024.adventupuli.hr\/it\/dogadaj\/docek-sv-nikole-od-libri-i-mora\/","title":{"rendered":"L&#8217;arrivo di San Nicol\u00f2 tra libri e mare"},"content":{"rendered":"<p>L&#8217;Arrivo tradizionale di San Niccol\u00f2 in citt\u00e0 quest&#8217;anno \u00e8 organizzata dalla Fiera del libro in Istria &#8221;Sa(n)jam knjige\u201c. Il programma, intitolato <strong>&#8220;L&#8217;arrivo di San Nicol\u00f2 tra libri e mare&#8221;<\/strong>, si terr\u00e0 il 6 dicembre 2024 alle ore 10:00 come parte del 30\u00b0 Sa(n)jam knjige u Istri, ed \u00e8 quindi legato al tema dei libri e della lettura. Il programma prevede una parata di San <strong>Nicol\u00f2 <\/strong>dall&#8217;Arena fino alla Casa dei Veterani Croati. San <strong>Nicol\u00f2 <\/strong>sar\u00e0 a cavallo, accompagnato da angeli sui trampoli e da tamburini marinai, e lungo il percorso si uniranno anche gli studenti delle scuole primarie. Alla fiera, la parata sar\u00e0 accolta da molti bambini con un programma di DJ Krampus e folletti dispettosi. Ai bambini verranno donati libri e un&#8217;arancia, in spirito di tradizione.<u><\/u><u><\/u><\/p>\n<p>Lo stesso giorno, alle 18:00, nel Salone Blu della Casa dei Veterani Croati, si terr\u00e0 il secondo <strong>&#8220;Arrivo di San Nicol\u00f2 tra libri e mare&#8221;<\/strong> con San <strong>Nicol\u00f2<\/strong>, DJ Krampus e il personaggio della fiera Ludita.<u><\/u><u><\/u><\/p>\n<p>L&#8217;intero programma \u00e8 diretto da Mario Kova\u010d<\/p>\n","protected":false},"excerpt":{"rendered":"<p>L&#8217;Arrivo tradizionale di San Niccol\u00f2 in citt\u00e0 quest&#8217;anno \u00e8 organizzata dalla Fiera del libro in Istria &#8221;Sa(n)jam knjige\u201c. Il programma, intitolato &#8220;L&#8217;arrivo di San Nicol\u00f2 tra libri e mare&#8221;, si terr\u00e0 il 6 dicembre 2024 alle ore 10:00 come parte del 30\u00b0 Sa(n)jam knjige u Istri, ed \u00e8 quindi legato al tema dei libri e [&hellip;]<\/p>\n","protected":false},"author":1,"featured_media":17052,"parent":0,"template":"","etn_category":[235],"etn_tags":[],"class_list":["post-17058","etn","type-etn","status-publish","has-post-thumbnail","hentry","event_location-arena-it","etn_category-programma-per-bambini"],"aioseo_notices":[],"acf":[],"_links":{"self":[{"href":"https:\/\/2024.adventupuli.hr\/it\/wp-json\/wp\/v2\/etn\/17058"}],"collection":[{"href":"https:\/\/2024.adventupuli.hr\/it\/wp-json\/wp\/v2\/etn"}],"about":[{"href":"https:\/\/2024.adventupuli.hr\/it\/wp-json\/wp\/v2\/types\/etn"}],"author":[{"embeddable":true,"href":"https:\/\/2024.adventupuli.hr\/it\/wp-json\/wp\/v2\/users\/1"}],"version-history":[{"count":1,"href":"https:\/\/2024.adventupuli.hr\/it\/wp-json\/wp\/v2\/etn\/17058\/revisions"}],"predecessor-version":[{"id":17059,"href":"https:\/\/2024.adventupuli.hr\/it\/wp-json\/wp\/v2\/etn\/17058\/revisions\/17059"}],"wp:featuredmedia":[{"embeddable":true,"href":"https:\/\/2024.adventupuli.hr\/it\/wp-json\/wp\/v2\/media\/17052"}],"wp:attachment":[{"href":"https:\/\/2024.adventupuli.hr\/it\/wp-json\/wp\/v2\/media?parent=17058"}],"wp:term":[{"taxonomy":"etn_category","embeddable":true,"href":"https:\/\/2024.adventupuli.hr\/it\/wp-json\/wp\/v2\/etn_category?post=17058"},{"taxonomy":"etn_tags","embeddable":true,"href":"https:\/\/2024.adventupuli.hr\/it\/wp-json\/wp\/v2\/etn_tags?post=17058"}],"curies":[{"name":"wp","href":"https:\/\/api.w.org\/{rel}","templated":true}]}}

L&#8217;arrivo di San Nicolò tra libri e mare

<p>L&#8217;Arrivo tradizionale di San Niccolò in città quest&#8217;anno è organizzata dalla Fiera del libro in Istria &#8221;Sa(n)jam knjige“. Il programma, intitolato <strong>&#8220;L&#8217;arrivo di San Nicolò tra libri e mare&#8221;</strong>, si terrà il 6 dicembre 2024 alle ore 10:00 come parte del 30° Sa(n)jam knjige u Istri, ed è quindi legato al tema dei libri e della lettura. Il programma prevede una parata di San <strong>Nicolò </strong>dall&#8217;Arena fino alla Casa dei Veterani Croati. San <strong>Nicolò </strong>sarà a cavallo, accompagnato da angeli sui trampoli e da tamburini marinai, e lungo il percorso si uniranno anche gli studenti delle scuole primarie. Alla fiera, la parata sarà accolta da molti bambini con un programma di DJ Krampus e folletti dispettosi. Ai bambini verranno donati libri e un&#8217;arancia, in spirito di tradizione.<u></u><u></u></p>
<p>Lo stesso giorno, alle 18:00, nel Salone Blu della Casa dei Veterani Croati, si terrà il secondo <strong>&#8220;Arrivo di San Nicolò tra libri e mare&#8221;</strong> con San <strong>Nicolò</strong>, DJ Krampus e il personaggio della fiera Ludita.<u></u><u></u></p>
<p>L&#8217;intero programma è diretto da Mario Kovač</p>

<p>L&#8217;Arrivo tradizionale di San Niccolò in città quest&#8217;anno è organizzata dalla Fiera del libro in Istria &#8221;Sa(n)jam knjige“. Il programma, intitolato &#8220;L&#8217;arrivo di San Nicolò tra libri e mare&#8221;, si terrà il 6 dicembre 2024 alle ore 10:00 come parte del 30° Sa(n)jam knjige u Istri, ed è quindi legato al tema dei libri e [&hellip;]</p>
