{"id":17319,"date":"2024-11-26T17:33:33","date_gmt":"2024-11-26T16:33:33","guid":{"rendered":"https:\/\/2024.adventupuli.hr\/dogadaj\/betlehemsko-svjetlo\/"},"modified":"2024-11-26T17:40:03","modified_gmt":"2024-11-26T16:40:03","slug":"betlehemsko-svjetlo","status":"publish","type":"etn","link":"https:\/\/2024.adventupuli.hr\/it\/dogadaj\/betlehemsko-svjetlo\/","title":{"rendered":"Luce di Betlemme"},"content":{"rendered":"<p>Gli scout di Pola ritireranno a Zagabria il 15 dicembre la &#8220;Luce di Betlemme&#8221; durante un&#8217;azione organizzata dall&#8217;Associazione degli Scout della Croazia e prevedono di consegnarla al sindaco della citt\u00e0 di Pola, Filip Zori\u010di\u0107, il 16 dicembre alle ore 14:00 al Foro. La Luce rimarr\u00e0 accesa nell&#8217;atrio del Palazzo Comunale fino alla Vigilia di Natale, e gli scout porteranno le lanterne con la Luce anche nelle parrocchie di Pola che esprimeranno il desiderio di organizzare un&#8217;accoglienza.<\/p>\n<p>Insieme partecipano gli scout del reparto &#8220;Istra&#8221; e gli scout del reparto marittimo &#8220;Uljanik&#8221;.<\/p>\n","protected":false},"excerpt":{"rendered":"<p>Gli scout di Pola ritireranno a Zagabria il 15 dicembre la &#8220;Luce di Betlemme&#8221; durante un&#8217;azione organizzata dall&#8217;Associazione degli Scout della Croazia e prevedono di consegnarla al sindaco della citt\u00e0 di Pola, Filip Zori\u010di\u0107, il 16 dicembre alle ore 14:00 al Foro. La Luce rimarr\u00e0 accesa nell&#8217;atrio del Palazzo Comunale fino alla Vigilia di Natale, [&hellip;]<\/p>\n","protected":false},"author":1,"featured_media":17316,"parent":0,"template":"","etn_category":[235],"etn_tags":[],"class_list":["post-17319","etn","type-etn","status-publish","has-post-thumbnail","hentry","event_location-piazza-foro","etn_category-programma-per-bambini"],"aioseo_notices":[],"acf":[],"_links":{"self":[{"href":"https:\/\/2024.adventupuli.hr\/it\/wp-json\/wp\/v2\/etn\/17319"}],"collection":[{"href":"https:\/\/2024.adventupuli.hr\/it\/wp-json\/wp\/v2\/etn"}],"about":[{"href":"https:\/\/2024.adventupuli.hr\/it\/wp-json\/wp\/v2\/types\/etn"}],"author":[{"embeddable":true,"href":"https:\/\/2024.adventupuli.hr\/it\/wp-json\/wp\/v2\/users\/1"}],"version-history":[{"count":3,"href":"https:\/\/2024.adventupuli.hr\/it\/wp-json\/wp\/v2\/etn\/17319\/revisions"}],"predecessor-version":[{"id":17330,"href":"https:\/\/2024.adventupuli.hr\/it\/wp-json\/wp\/v2\/etn\/17319\/revisions\/17330"}],"wp:featuredmedia":[{"embeddable":true,"href":"https:\/\/2024.adventupuli.hr\/it\/wp-json\/wp\/v2\/media\/17316"}],"wp:attachment":[{"href":"https:\/\/2024.adventupuli.hr\/it\/wp-json\/wp\/v2\/media?parent=17319"}],"wp:term":[{"taxonomy":"etn_category","embeddable":true,"href":"https:\/\/2024.adventupuli.hr\/it\/wp-json\/wp\/v2\/etn_category?post=17319"},{"taxonomy":"etn_tags","embeddable":true,"href":"https:\/\/2024.adventupuli.hr\/it\/wp-json\/wp\/v2\/etn_tags?post=17319"}],"curies":[{"name":"wp","href":"https:\/\/api.w.org\/{rel}","templated":true}]}}

<p>Gli scout di Pola ritireranno a Zagabria il 15 dicembre la &#8220;Luce di Betlemme&#8221; durante un&#8217;azione organizzata dall&#8217;Associazione degli Scout della Croazia e prevedono di consegnarla al sindaco della città di Pola, Filip Zoričić, il 16 dicembre alle ore 14:00 al Foro. La Luce rimarrà accesa nell&#8217;atrio del Palazzo Comunale fino alla Vigilia di Natale, e gli scout porteranno le lanterne con la Luce anche nelle parrocchie di Pola che esprimeranno il desiderio di organizzare un&#8217;accoglienza.</p>
<p>Insieme partecipano gli scout del reparto &#8220;Istra&#8221; e gli scout del reparto marittimo &#8220;Uljanik&#8221;.</p>

<p>Gli scout di Pola ritireranno a Zagabria il 15 dicembre la &#8220;Luce di Betlemme&#8221; durante un&#8217;azione organizzata dall&#8217;Associazione degli Scout della Croazia e prevedono di consegnarla al sindaco della città di Pola, Filip Zoričić, il 16 dicembre alle ore 14:00 al Foro. La Luce rimarrà accesa nell&#8217;atrio del Palazzo Comunale fino alla Vigilia di Natale, [&hellip;]</p>
