{"id":17383,"date":"2024-11-27T15:35:30","date_gmt":"2024-11-27T14:35:30","guid":{"rendered":"https:\/\/2024.adventupuli.hr\/dogadaj\/veseli-autobus\/"},"modified":"2024-11-27T15:36:07","modified_gmt":"2024-11-27T14:36:07","slug":"veseli-autobus","status":"publish","type":"etn","link":"https:\/\/2024.adventupuli.hr\/it\/dogadaj\/veseli-autobus\/","title":{"rendered":"L&#8217;Autobus Allegro"},"content":{"rendered":"<p><strong>Associazione Birikina Pola<\/strong><u><\/u><u><\/u><\/p>\n<p>Anche quest&#8217;anno, i divertenti viaggi sono tra le attivit\u00e0 natalizie pi\u00f9 emozionanti per i pi\u00f9 piccoli: l&#8217;Autobus Allegro \u00e8 offerto dall&#8217;Associazione Birikina Pola con il patrocinio di Pulapromet. <em>&#8220;La storia di Mirko lo Zenzero&#8221;<\/em> sar\u00e0 in programma sabato 14 e domenica 15 dicembre 2024, alle ore 9:30, 10:30, 11:30, 17:00 e 18:00.<u><\/u><u><\/u><\/p>\n<p>L&#8217;ingresso sull&#8217;Autobus Allegro \u00e8 gratuito, con ritiro del biglietto gratuito alla prima di <em>&#8220;Pollicina&#8221;<\/em> mercoled\u00ec 4 dicembre 2024 presso l&#8217;ingresso della sala Circolo. La biglietteria apre un&#8217;ora prima dell&#8217;inizio dello spettacolo, e non \u00e8 necessaria la prenotazione.<u><\/u><u><\/u><\/p>\n<p>\u203c<strong>IMPORTANTE<\/strong>\u203c Sabato 14\/12 alla Piazza Port&#8217;Aurea si terr\u00e0 l&#8217;arrivo di Babbo Natale organizzato da Twin Horn, e la strada sar\u00e0 chiusa dalle 10 alle 13. Comunicheremo successivamente un nuovo punto di discesa per i viaggi mattutini del 14\/12\/2024. Maggiori informazioni sulle pagine Facebook e Instagram dell&#8217;Associazione Birikina Pola.<\/p>\n","protected":false},"excerpt":{"rendered":"<p>Associazione Birikina Pola Anche quest&#8217;anno, i divertenti viaggi sono tra le attivit\u00e0 natalizie pi\u00f9 emozionanti per i pi\u00f9 piccoli: l&#8217;Autobus Allegro \u00e8 offerto dall&#8217;Associazione Birikina Pola con il patrocinio di Pulapromet. &#8220;La storia di Mirko lo Zenzero&#8221; sar\u00e0 in programma sabato 14 e domenica 15 dicembre 2024, alle ore 9:30, 10:30, 11:30, 17:00 e 18:00. [&hellip;]<\/p>\n","protected":false},"author":1,"featured_media":17380,"parent":0,"template":"","etn_category":[235],"etn_tags":[],"class_list":["post-17383","etn","type-etn","status-publish","has-post-thumbnail","hentry","event_location-gornji-giardini-it","etn_category-programma-per-bambini"],"aioseo_notices":[],"acf":[],"_links":{"self":[{"href":"https:\/\/2024.adventupuli.hr\/it\/wp-json\/wp\/v2\/etn\/17383"}],"collection":[{"href":"https:\/\/2024.adventupuli.hr\/it\/wp-json\/wp\/v2\/etn"}],"about":[{"href":"https:\/\/2024.adventupuli.hr\/it\/wp-json\/wp\/v2\/types\/etn"}],"author":[{"embeddable":true,"href":"https:\/\/2024.adventupuli.hr\/it\/wp-json\/wp\/v2\/users\/1"}],"version-history":[{"count":1,"href":"https:\/\/2024.adventupuli.hr\/it\/wp-json\/wp\/v2\/etn\/17383\/revisions"}],"predecessor-version":[{"id":17384,"href":"https:\/\/2024.adventupuli.hr\/it\/wp-json\/wp\/v2\/etn\/17383\/revisions\/17384"}],"wp:featuredmedia":[{"embeddable":true,"href":"https:\/\/2024.adventupuli.hr\/it\/wp-json\/wp\/v2\/media\/17380"}],"wp:attachment":[{"href":"https:\/\/2024.adventupuli.hr\/it\/wp-json\/wp\/v2\/media?parent=17383"}],"wp:term":[{"taxonomy":"etn_category","embeddable":true,"href":"https:\/\/2024.adventupuli.hr\/it\/wp-json\/wp\/v2\/etn_category?post=17383"},{"taxonomy":"etn_tags","embeddable":true,"href":"https:\/\/2024.adventupuli.hr\/it\/wp-json\/wp\/v2\/etn_tags?post=17383"}],"curies":[{"name":"wp","href":"https:\/\/api.w.org\/{rel}","templated":true}]}}

<p><strong>Associazione Birikina Pola</strong><u></u><u></u></p>
<p>Anche quest&#8217;anno, i divertenti viaggi sono tra le attività natalizie più emozionanti per i più piccoli: l&#8217;Autobus Allegro è offerto dall&#8217;Associazione Birikina Pola con il patrocinio di Pulapromet. <em>&#8220;La storia di Mirko lo Zenzero&#8221;</em> sarà in programma sabato 14 e domenica 15 dicembre 2024, alle ore 9:30, 10:30, 11:30, 17:00 e 18:00.<u></u><u></u></p>
<p>L&#8217;ingresso sull&#8217;Autobus Allegro è gratuito, con ritiro del biglietto gratuito alla prima di <em>&#8220;Pollicina&#8221;</em> mercoledì 4 dicembre 2024 presso l&#8217;ingresso della sala Circolo. La biglietteria apre un&#8217;ora prima dell&#8217;inizio dello spettacolo, e non è necessaria la prenotazione.<u></u><u></u></p>
<p>‼<strong>IMPORTANTE</strong>‼ Sabato 14/12 alla Piazza Port&#8217;Aurea si terrà l&#8217;arrivo di Babbo Natale organizzato da Twin Horn, e la strada sarà chiusa dalle 10 alle 13. Comunicheremo successivamente un nuovo punto di discesa per i viaggi mattutini del 14/12/2024. Maggiori informazioni sulle pagine Facebook e Instagram dell&#8217;Associazione Birikina Pola.</p>

<p>Associazione Birikina Pola Anche quest&#8217;anno, i divertenti viaggi sono tra le attività natalizie più emozionanti per i più piccoli: l&#8217;Autobus Allegro è offerto dall&#8217;Associazione Birikina Pola con il patrocinio di Pulapromet. &#8220;La storia di Mirko lo Zenzero&#8221; sarà in programma sabato 14 e domenica 15 dicembre 2024, alle ore 9:30, 10:30, 11:30, 17:00 e 18:00. [&hellip;]</p>
