{"id":17442,"date":"2024-11-29T11:59:19","date_gmt":"2024-11-29T10:59:19","guid":{"rendered":"https:\/\/2024.adventupuli.hr\/dogadaj\/kucica-bake-i-djeda-mraza\/"},"modified":"2024-11-29T12:00:32","modified_gmt":"2024-11-29T11:00:32","slug":"kucica-bake-i-djeda-mraza","status":"publish","type":"etn","link":"https:\/\/2024.adventupuli.hr\/it\/dogadaj\/kucica-bake-i-djeda-mraza\/","title":{"rendered":"La Casetta di Mamma e Babbo Natale"},"content":{"rendered":"<p>Nel Parco Magico i bambini troveranno tante sorprese!<\/p>\n<p>Nel cuore della citt\u00e0, nel Parco della Citt\u00e0 di Graz, ogni giorno risuoneranno le voci allegre degli elfi e le risate della Signora Natale, che racconter\u00e0 a ciascuno una calda storia di Natale.<\/p>\n<p>Alla festosa compagnia si unir\u00e0 Babbo Natale il 14 dicembre<\/p>\n<p>&nbsp;<\/p>\n<p>**Orario di apertura:**<\/p>\n<p>1 \u2013 31 dicembre: dalle 10:00 alle 12:00 e dalle 17:00 alle 20:00<\/p>\n<p>24 e 31 dicembre: dalle 10:00 alle 12:00<\/p>\n<p>25 dicembre: chiuso<\/p>\n<p>&nbsp;<\/p>\n<p>**Babbo Natale:**<\/p>\n<p>14 dicembre: dalle 17:00 alle 20:00<\/p>\n<p>15 \u2013 23 dicembre: dalle 10:00 alle 12:00 e dalle 17:00 alle 20:00<\/p>\n<p>24 dicembre: dalle 10:00 alle 12:00<\/p>\n","protected":false},"excerpt":{"rendered":"<p>Nel Parco Magico i bambini troveranno tante sorprese! Nel cuore della citt\u00e0, nel Parco della Citt\u00e0 di Graz, ogni giorno risuoneranno le voci allegre degli elfi e le risate della Signora Natale, che racconter\u00e0 a ciascuno una calda storia di Natale. Alla festosa compagnia si unir\u00e0 Babbo Natale il 14 dicembre &nbsp; **Orario di apertura:** [&hellip;]<\/p>\n","protected":false},"author":1,"featured_media":17440,"parent":0,"template":"","etn_category":[239],"etn_tags":[],"class_list":["post-17442","etn","type-etn","status-publish","has-post-thumbnail","hentry","event_location-parco-citta-di-graz","etn_category-tutti-i-programmi"],"aioseo_notices":[],"acf":[],"_links":{"self":[{"href":"https:\/\/2024.adventupuli.hr\/it\/wp-json\/wp\/v2\/etn\/17442"}],"collection":[{"href":"https:\/\/2024.adventupuli.hr\/it\/wp-json\/wp\/v2\/etn"}],"about":[{"href":"https:\/\/2024.adventupuli.hr\/it\/wp-json\/wp\/v2\/types\/etn"}],"author":[{"embeddable":true,"href":"https:\/\/2024.adventupuli.hr\/it\/wp-json\/wp\/v2\/users\/1"}],"version-history":[{"count":2,"href":"https:\/\/2024.adventupuli.hr\/it\/wp-json\/wp\/v2\/etn\/17442\/revisions"}],"predecessor-version":[{"id":17444,"href":"https:\/\/2024.adventupuli.hr\/it\/wp-json\/wp\/v2\/etn\/17442\/revisions\/17444"}],"wp:featuredmedia":[{"embeddable":true,"href":"https:\/\/2024.adventupuli.hr\/it\/wp-json\/wp\/v2\/media\/17440"}],"wp:attachment":[{"href":"https:\/\/2024.adventupuli.hr\/it\/wp-json\/wp\/v2\/media?parent=17442"}],"wp:term":[{"taxonomy":"etn_category","embeddable":true,"href":"https:\/\/2024.adventupuli.hr\/it\/wp-json\/wp\/v2\/etn_category?post=17442"},{"taxonomy":"etn_tags","embeddable":true,"href":"https:\/\/2024.adventupuli.hr\/it\/wp-json\/wp\/v2\/etn_tags?post=17442"}],"curies":[{"name":"wp","href":"https:\/\/api.w.org\/{rel}","templated":true}]}}

<p>Nel Parco Magico i bambini troveranno tante sorprese!</p>
<p>Nel cuore della città, nel Parco della Città di Graz, ogni giorno risuoneranno le voci allegre degli elfi e le risate della Signora Natale, che racconterà a ciascuno una calda storia di Natale.</p>
<p>Alla festosa compagnia si unirà Babbo Natale il 14 dicembre</p>
<p>&nbsp;</p>
<p>**Orario di apertura:**</p>
<p>1 – 31 dicembre: dalle 10:00 alle 12:00 e dalle 17:00 alle 20:00</p>
<p>24 e 31 dicembre: dalle 10:00 alle 12:00</p>
<p>25 dicembre: chiuso</p>
<p>&nbsp;</p>
<p>**Babbo Natale:**</p>
<p>14 dicembre: dalle 17:00 alle 20:00</p>
<p>15 – 23 dicembre: dalle 10:00 alle 12:00 e dalle 17:00 alle 20:00</p>
<p>24 dicembre: dalle 10:00 alle 12:00</p>

<p>Nel Parco Magico i bambini troveranno tante sorprese! Nel cuore della città, nel Parco della Città di Graz, ogni giorno risuoneranno le voci allegre degli elfi e le risate della Signora Natale, che racconterà a ciascuno una calda storia di Natale. Alla festosa compagnia si unirà Babbo Natale il 14 dicembre &nbsp; **Orario di apertura:** [&hellip;]</p>
